. Determine p(41).
55
Let v(s) = -107*s**2 + s + 3. Calculate v(1).
-103
Let d(z) = 20*z**3 - z**2 - 6*z + 6. Give d(1).
19
Let z(k) = 15*k**2 - 225*k + 5. What is z(15)?
5
Let k(l) = l**3 - 4*l**2 - 7*l + 39. Calculate k(5).
29
Let o(d) = -2189*d - 19722. Determine o(-9).
-21
Let s(c) = -c**3 + 11*c**2 + 95*c + 151. Calculate s(17).
32
Let n(g) = 134*g**2 + 382*g - 40. Give n(-3).
20
Let p(n) = -436*n - 37. Determine p(1).
-473
Let o(v) = -v**2 - 67*v - 475. What is o(-59)?
-3
Let a(s) = -s**3 - 95*s**2 - 698*s - 164. What is a(-87)?
10
Let u(s) = 3*s - 91. What is u(2)?
-85
Let l(j) = -10*j**2 + 19*j + 14. Determine l(-6).
-460
Let g(y) = -2*y**3 - 88*y**2 - 164*y + 128. What is g(-42)?
-40
Let l(v) = -13*v - 494. Give l(-38).
0
Let h(t) = -307*t - 1847. Determine h(-6).
-5
Let c(k) = 3*k**2 - 2*k + 13. Calculate c(-11).
398
Let f(p) = 96*p + 206. Give f(-2).
14
Let f(y) = -4*y**2 + 56*y + 54. Calculate f(15).
-6
Let r(u) = -u**2 - 27*u - 49. Calculate r(-11).
127
Let s(j) = 63*j - 624. Give s(10).
6
Let u(r) = -23*r**2 - 249*r - 12. Calculate u(-11).
-56
Let c(p) = 248*p - 27280. Give c(110).
0
Let k(q) = -1220*q - 7278. Give k(-6).
42
Let g(u) = -862*u + 5175. Calculate g(6).
3
Let z(h) = -66*h + 209. Give z(2).
77
Let t(p) = p**3 + 110*p**2 + 218*p + 205. Calculate t(-108).
-11
Let y(v) = -v**3 - 11*v**2 - 8*v + 20. Determine y(-9).
-70
Let g(q) = q**2 - 2*q - 109. Determine g(-10).
11
Let o(u) = u**3 + 13*u**2 - 3*u - 122. Give o(-12).
58
Let h(a) = 269*a - 472. Give h(3).
335
Let v(l) = 44*l + 2857. Give v(-65).
-3
Let b(p) = 1096*p + 7665. Determine b(-7).
-7
Let s(l) = l**3 + 28*l**2 - 27*l - 63. What is s(-29)?
-121
Let u(v) = v**2 + 39*v - 287. Give u(-44).
-67
Let k(j) = -165*j + 1496. Calculate k(8).
176
Let c(o) = -o**3 - 27*o**2 - 10*o - 256. Calculate c(-27).
14
Let d(p) = 2*p**2 - 65*p + 305. Determine d(6).
-13
Let i(m) = -2*m + 90. What is i(16)?
58
Let o(x) = -477*x - 9119. Give o(-19).
-56
Let w(z) = 195*z - 8. Give w(2).
382
Let g(j) = 4*j**2 - 47*j - 13. Give g(-7).
512
Let h(l) = -22*l**3 - 6*l - 642. Calculate h(0).
-642
Let r(o) = 41*o + 293. Give r(-7).
6
Let s(h) = h**3 + 28*h**2 + 312. Calculate s(-28).
312
Let a(u) = u**3 - 23*u**2 - 2217*u + 107. Give a(-37).
-4
Let x(d) = 219*d + 2263. What is x(-10)?
73
Let k(o) = o**2 - 7*o - 17. Determine k(10).
13
Let x(v) = -63*v**2 + 1. Calculate x(-2).
-251
Let y(g) = -g**2 - 640*g + 7152. What is y(11)?
-9
Let z(i) = -3*i - 74. Determine z(-46).
64
Let k(w) = 3*w**3 + w**2 - 3*w + 8. Calculate k(2).
30
Let p(x) = 18*x**3 - 3*x**2 - 5*x - 4. Determine p(-1).
-20
Let m(b) = 73*b - 13. What is m(2)?
133
Let j(w) = 3*w**3 + 9*w**2 - 14*w - 1. Give j(2).
31
Let q(n) = -1646*n + 13171. Give q(8).
3
Let b(l) = -202*l - 9119. What is b(-45)?
-29
Let s(t) = 8075*t + 48440. Determine s(-6).
-10
Let d(b) = -4*b**3 + 3*b**2 + 52*b - 106. Give d(2).
-22
Let t(p) = -3*p**3 - 95*p**2 + 27*p - 159. Determine t(-32).
1
Let y(l) = 41*l - 322. Determine y(9).
47
Let w(a) = -9*a**3 - 29*a**2 - 16*a - 38. What is w(-3)?
-8
Let d(l) = -2*l**2 - 90*l - 1096. Calculate d(-23).
-84
Let h(r) = -r**2 - 26*r + 58. Determine h(-15).
223
Let f(y) = -22064*y - 176512. Give f(-8).
0
Let o(w) = -49*w**2 + 6*w - 16. Determine o(2).
-200
Let q(i) = -6*i**3 - 586*i**2 + 191*i - 497. Calculate q(-98).
-7
Let o(n) = -n**2 + 14*n + 541. Give o(-17).
14
Let j(c) = -c**3 + 66*c**2 - 173*c - 8. Determine j(3).
40
Let x(b) = -10*b**2 - 2*b + 74. What is x(-9)?
-718
Let m(f) = -3*f + 162. What is m(30)?
72
Let u(q) = -3*q**3 - 2*q**2 + 180*q + 356. Determine u(-2).
12
Let a(o) = 4*o**2 - 35*o - 8. What is a(9)?
1
Let b(i) = 48*i**3 - 2*i**2 - 145*i - 144. Give b(-1).
-49
Let z(u) = u**3 + 11*u**2 - 18*u + 29. Give z(-13).
-75
Let j(z) = z**3 - 34*z**2 - 3*z + 99. Give j(34).
-3
Let n(r) = 23*r**2 + 600*r + 44. What is n(-26)?
-8
Let v(m) = -7*m**2 - 77*m - 13. What is v(-11)?
-13
Let s(g) = g**2 + 7*g - 190. Determine s(11).
8
Let g(d) = -7*d**3 + 46*d**2 - 87*d + 1. Calculate g(2).
-45
Let h(v) = 2*v**2 - 119*v - 41. Calculate h(60).
19
Let j(f) = -f**3 - 11*f**2 + 4*f + 189. What is j(-7)?
-35
Let x(j) = 3200*j + 6405. What is x(-2)?
5
Let i(z) = -77*z + 189. What is i(4)?
-119
Let s(h) = 26*h + 52. What is s(7)?
234
Let t(f) = -132*f + 9110. Give t(70).
-130
Let m(w) = -4*w**2 + 52*w + 101. Give m(-2).
-19
Let j(m) = -81*m - 305. Calculate j(-5).
100
Let i(j) = -j**3 - 8*j**2 - 5*j. Calculate i(-7).
-14
Let c(j) = 51*j**2 - 2345*j - 42. Give c(46).
4
Let f(y) = 5*y - 442. Determine f(84).
-22
Let l(h) = -h**2 + 18659*h + 7. Give l(0).
7
Let q(x) = -x**2 + 39. What is q(-9)?
-42
Let w(c) = 24*c + 369. Calculate w(-28).
-303
Let f(b) = b**2 + 3*b - 143. Give f(7).
-73
Let l(r) = -31*r - 441. What is l(-14)?
-7
Let u(a) = -11*a**2 + 17*a + 21. What is u(0)?
21
Let a(w) = -w**2 - 10*w - 31. Give a(-11).
-42
Let x(k) = -1626*k + 136581. Calculate x(84).
-3
Let d(c) = 34*c**2 + 162*c + 110. Calculate d(-4).
6
Let r(c) = -c**3 - 9*c**2 + 15*c - 95. Determine r(-12).
157
Let q(i) = i**2 + 20*i + 113. Calculate q(-13).
22
Let l(c) = -c**3 - 119*c**2 + 5388*c - 314. Give l(-154).
-6
Let d(q) = q**3 - 17*q**2 - 4*q - 2. Determine d(11).
-772
Let q(d) = d**3 - 2*d**2 + 21*d - 82. Determine q(3).
-10
Let x(o) = -12*o - 11. Determine x(-6).
61
Let y(o) = -32*o - 236. Determine y(-4).
-108
Let m(l) = -27*l - 833. Determine m(-31).
4
Let w(k) = 119129*k - 357394. Determine w(3).
-7
Let b(t) = -80*t - 1368. Give b(-17).
-8
Let h(f) = -f**3 + 15*f**2 - 90*f + 225. Calculate h(6).
9
Let s(g) = 6*g**2 + 235*g - 212. Calculate s(-40).
-12
Let a(w) = w**3 + 18*w**2 - 28*w - 546. Determine a(-18).
-42
Let p(q) = q**3 - 17*q**2 + 254*q - 4310. Give p(17).
8
Let f(h) = -3*h**2 + 18*h + 98. Determine f(-7).
-175
Let d(u) = 3*u**2 - 57*u - 1. What is d(18)?
-55
Let v(m) = -m**2 - 13*m - 6. Give v(-12).
6
Let x(r) = -r**3 + 45*r**2 - 85*r + 146. Give x(43).
189
Let c(q) = 44*q - 43. What is c(4)?
133
Let z(q) = -q**3 - 44*q**2 + 739*q + 12. Give z(-57).
126
Let o(x) = 18*x + 139. Give o(-9).
-23
Let r(b) = 1187*b - 4736. What is r(4)?
12
Let l(a) = -a**3 - 14*a**2 + 235*a + 19. Calculate l(-24).
139
Let c(f) = -179*f + 5755. Calculate c(31).
206
Let k(s) = s**3 - s**2 - 162*s - 11. Calculate k(-12).
61
Let s(w) = -3*w**2 - 28*w + 184. Give s(-14).
-12
Let m(a) = -a**3 - 14*a**2 - a - 32. What is m(-14)?
-18
Let s(b) = -b**2 + 2276*b + 41299. What is s(-18)?
7
Let k(c) = -c**3 - 16*c**2 - 59*c - 500. What is k(-14)?
-66
Let n(c) = 2*c**2 + 5*c - 69. Give n(-10).
81
Let z(a) = 22*a - 185. Calculate z(8).
-9
Let d(u) = -u**2 - 59*u + 878. What is d(12)?
26
Let q(x) = -x**3 + 60*x**2 - 278*x + 160. What is q(55)?
-5
Let n(p) = -p**3 + 28*p**2 - 128*p + 270. Give n(23).
-29
Let k(g) = -g**3 - 218*g**2 - 1898*g - 3563. Determine k(-209).
-10
Let l(x) = x**3 - 107*x**2 + x - 103. Determine l(107).
4
Let a(d) = -634*d - 6329. Calculate a(-10).
11
Let f(a) = -97*a - 1165. Determine f(-9).
-292
Let q(k) = -3*k**3 - 8*k**2 - 142*k - 430. Calculate q(-3).
5
Let o(i) = -3*i**2 - 88*i - 241. Give o(-26).
19
Let r(c) = -731*c - 1436. Determine r(-2).
26
Let n(b) = 3*b**2 - 49*b + 241. Determine n(5).
71
Let q(h) = -54*h + 2919. What is q(54)?
3
Let l(t) = 457*t + 3. Calculate l(-1).
-454
Let s(l) = -4*l**3 - 10*l**2 - 3*l - 5. Calculate s(-2).
-7
Let y(z) = -194*z + 1320. Determine y(7).
-38
Let b(j) = -1171*j - 16376. What is b(-14)?
18
Let t(r) = 5*r**2 + 107*r - 46. What is t(-22)?
20
Let i(x) = -14*x**2 - 128*x - 10. Give i(-9).
8
Let t(p) = -p**3 + 7*p**2 + 8*p - 4. Determine t(8).
-4
Let d(s) = 30*s**3 - 5*s**2 - 12*s - 6. Determine d(-1).
-29
Let l(f) = f**3 - 28*f**2 - 101*f + 214. Calculate l(31).
-34
Let p(h) = 133*h - 1567. Give p(5).
-902
Let j(n) = -n**2 + 136*n - 394. What is j(3)?
5
Let u(a) = a**3 + 18*a**2 + 43*a + 221. What is u(-13)?
507
Let y(k) = k**3 - 236*k**2 - 949*k + 45. Give y(-4).
1
Let p(o) = o**3 - 13*o**2 - 135*o + 1712. Give p(11).
-15
Let v(k) = k**3 - 40*k**2 + 102*k + 132. Give v(37).
-201
Let u(l) = l**3 - 44*l**2 + 3*l - 120. Determine u(44).
12
Let h(b) = -335*b + 659. Calculate h(2).
-11
Let r(t) = 3*t + 130. Determine r(26).
208
Let l(q) = 9*q**3 - 62*q**2 + 8*q - 97. What is l(7)?
8
Let j(r) = r**2 + 8*r - 2